{"id":8,"date":"2026-01-09T10:21:41","date_gmt":"2026-01-09T10:21:41","guid":{"rendered":"https:\/\/flobygrolanda.sportadmin.dev\/index.php\/partners\/"},"modified":"2026-01-09T10:22:05","modified_gmt":"2026-01-09T10:22:05","slug":"partners","status":"publish","type":"page","link":"https:\/\/flobygrolanda.sportadmin.dev\/index.php\/partners\/","title":{"rendered":"Partners"},"content":{"rendered":"\n<div class=\"wp-block-cover alignfull is-light has-custom-content-position is-position-bottom-left sa-hero\" style=\"padding-top:0;padding-bottom:0;min-height:75vh;aspect-ratio:unset;\"><span aria-hidden=\"true\" class=\"wp-block-cover__background has-primary-background-color has-background-dim-0 has-background-dim\"><\/span><div class=\"wp-block-cover__inner-container is-layout-flow wp-block-cover-is-layout-flow\">\n<div class=\"wp-block-group sa-hero__inner is-layout-constrained wp-block-group-is-layout-constrained\">\n<div class=\"wp-block-group sa-hero__content is-vertical is-content-justification-flex-end is-layout-flex wp-container-core-group-is-layout-47fbd1f5 wp-block-group-is-layout-flex\">\n<p class=\"sa-hero__tag\">Akademi<\/p>\n\n\n\n<h1 class=\"wp-block-heading sa-hero__title\"><a class=\"sa-hero__title-link\" href=\"\">Att vara partner till {F\u00f6reningsnamn}<\/a><\/h1>\n\n\n\n<p class=\"sa-hero__subtitle\">Bli en del av v\u00e5r f\u00f6rening och st\u00e4rk ditt varum\u00e4rke.<\/p>\n<\/div>\n<\/div>\n<\/div><\/div>\n\n\n\n<div class=\"wp-block-group alignwide is-layout-constrained wp-block-group-is-layout-constrained\" style=\"padding-top:4rem;padding-bottom:4rem\">\n<h2 class=\"wp-block-heading\">Vad det betyder att vara partner till {F\u00f6reningsnamn}<\/h2>\n\n\n\n<p>H\u00e4r kan du skriva om vad det generellt inneb\u00e4r att vara partner till er och dess v\u00e4rde. Detta inneh\u00e5ll kan redigeras direkt i Site Editor.<\/p>\n\n\n\n<p>L\u00e4gg till fler stycken, bilder eller andra blocks h\u00e4r nedan.<\/p>\n<\/div>\n\n\n\n<div class=\"wp-block-group alignwide is-layout-constrained wp-container-core-group-is-layout-365a81ca wp-block-group-is-layout-constrained\" style=\"margin-top:var(--wp--preset--spacing--8);margin-bottom:var(--wp--preset--spacing--8)\">\n<h2 class=\"wp-block-heading\">Partnerskapsprogram<\/h2>\n\n\n\n<div class=\"wp-block-group alignwide is-layout-constrained wp-container-core-group-is-layout-61103099 wp-block-group-is-layout-constrained\" style=\"padding-top:var(--wp--preset--spacing--0);padding-bottom:var(--wp--preset--spacing--0)\">\n<hr class=\"wp-block-separator has-alpha-channel-opacity is-style-wide\" style=\"margin-top:var(--wp--preset--spacing--12);margin-bottom:var(--wp--preset--spacing--12)\"\/>\n\n\n\n<h3 class=\"wp-block-heading\">Guldparnter<\/h3>\n\n\n\n<div class=\"wp-block-group is-content-justification-space-between is-nowrap is-layout-flex wp-container-core-group-is-layout-a665e6e0 wp-block-group-is-layout-flex\">\n<p class=\"wp-container-content-0733e5d0\">Som Guldpartner till oss<\/p>\n\n\n\n<ul class=\"wp-block-list wp-container-content-0733e5d0\">\n<li>Exponering p\u00e5 tr\u00f6jor<\/li>\n\n\n\n<li>Medlem i n\u00e4tverket<\/li>\n\n\n\n<li>Exponering p\u00e5 v\u00e5ra sociala medler<\/li>\n<\/ul>\n<\/div>\n\n\n\n<hr class=\"wp-block-separator has-alpha-channel-opacity is-style-wide\" style=\"margin-top:var(--wp--preset--spacing--12);margin-bottom:var(--wp--preset--spacing--12)\"\/>\n<\/div>\n\n\n\n<div class=\"wp-block-group alignwide is-layout-constrained wp-container-core-group-is-layout-61103099 wp-block-group-is-layout-constrained\" style=\"padding-top:var(--wp--preset--spacing--0);padding-bottom:var(--wp--preset--spacing--0)\">\n<h3 class=\"wp-block-heading\">Silverparnter<\/h3>\n\n\n\n<div class=\"wp-block-group is-content-justification-space-between is-nowrap is-layout-flex wp-container-core-group-is-layout-a665e6e0 wp-block-group-is-layout-flex\">\n<p class=\"wp-container-content-0733e5d0\">Som Guldpartner till oss<\/p>\n\n\n\n<ul class=\"wp-block-list wp-container-content-0733e5d0\">\n<li>Exponering p\u00e5 tr\u00f6jor<\/li>\n\n\n\n<li>Medlem i n\u00e4tverket<\/li>\n\n\n\n<li>Exponering p\u00e5 v\u00e5ra sociala medler<\/li>\n<\/ul>\n<\/div>\n\n\n\n<hr class=\"wp-block-separator has-alpha-channel-opacity is-style-wide\" style=\"margin-top:var(--wp--preset--spacing--12);margin-bottom:var(--wp--preset--spacing--12)\"\/>\n<\/div>\n\n\n\n<div class=\"wp-block-group alignwide is-layout-constrained wp-container-core-group-is-layout-61103099 wp-block-group-is-layout-constrained\" style=\"padding-top:var(--wp--preset--spacing--0);padding-bottom:var(--wp--preset--spacing--0)\">\n<h3 class=\"wp-block-heading\">Bronsparnter<\/h3>\n\n\n\n<div class=\"wp-block-group is-content-justification-space-between is-nowrap is-layout-flex wp-container-core-group-is-layout-a665e6e0 wp-block-group-is-layout-flex\">\n<p class=\"wp-container-content-0733e5d0\">Som Guldpartner till oss<\/p>\n\n\n\n<ul class=\"wp-block-list wp-container-content-0733e5d0\">\n<li>Exponering p\u00e5 tr\u00f6jor<\/li>\n\n\n\n<li>Medlem i n\u00e4tverket<\/li>\n\n\n\n<li>Exponering p\u00e5 v\u00e5ra sociala medler<\/li>\n<\/ul>\n<\/div>\n\n\n\n<hr class=\"wp-block-separator has-alpha-channel-opacity is-style-wide\" style=\"margin-top:var(--wp--preset--spacing--12);margin-bottom:var(--wp--preset--spacing--12)\"\/>\n<\/div>\n<\/div>\n\n\n\n<div class=\"wp-block-group alignwide is-layout-constrained wp-block-group-is-layout-constrained\" style=\"padding-top:4rem;padding-bottom:4rem\">\n<div class=\"wp-block-group is-layout-flow wp-block-group-is-layout-flow\" style=\"margin-top:2rem\"><\/div>\n\n\n\n<h2 class=\"wp-block-heading\" style=\"margin-bottom:2rem\">Kontakta oss<\/h2>\n\n\n\n<div class=\"wp-block-columns is-layout-flex wp-container-core-columns-is-layout-28f84493 wp-block-columns-is-layout-flex\">\n<div class=\"wp-block-column is-layout-flow wp-block-column-is-layout-flow\">\n<h4 class=\"wp-block-heading\" style=\"font-size:1rem;text-transform:uppercase\">Post &amp; Bes\u00f6ksadress<\/h4>\n\n\n\n<p>[F\u00f6reningsnamn]<br>[Gatuadress]<br>[Postnummer och ort]<\/p>\n<\/div>\n\n\n\n<div class=\"wp-block-column is-layout-flow wp-block-column-is-layout-flow\">\n<h4 class=\"wp-block-heading\" style=\"font-size:1rem;text-transform:uppercase\">Telefon<\/h4>\n\n\n\n<p>[Telefonnummer]<\/p>\n<\/div>\n\n\n\n<div class=\"wp-block-column is-layout-flow wp-block-column-is-layout-flow\">\n<h4 class=\"wp-block-heading\" style=\"font-size:1rem;text-transform:uppercase\">Epost<\/h4>\n\n\n\n<p><a href=\"mailto:[epostadress]\" style=\"color:inherit;text-decoration:none\">[epostadress]<\/a><\/p>\n<\/div>\n<\/div>\n\n\n\n<div class=\"wp-block-group is-layout-flow wp-block-group-is-layout-flow\" style=\"margin-top:2rem\">\n<details class=\"wp-block-details sa-contact-persons has-secondary-background-color has-background is-layout-flow wp-block-details-is-layout-flow\" style=\"border-radius:8px;background-color:var(--wp--preset--color--secondary);padding-top:1rem;padding-right:1.5rem;padding-bottom:1rem;padding-left:1.5rem\"><summary>Kontaktpersoner<\/summary>\n<div class=\"wp-block-group is-layout-flow wp-block-group-is-layout-flow\" style=\"padding-top:1.5rem;padding-bottom:1.5rem\">\n<div class=\"wp-block-group sa-contact-person is-layout-flow wp-block-group-is-layout-flow\" style=\"padding-top:0;padding-bottom:0\">\n<p style=\"margin-bottom:0.25rem;font-weight:600\"><p style=\"color:var(--wp--preset--color--primary);font-weight:600;margin-bottom:0.25rem\">[Namn]<\/p><\/p>\n\n\n\n<p style=\"margin-top:0;margin-bottom:0.25rem\"><p style=\"color:var(--wp--preset--color--primary);margin-top:0;margin-bottom:0.25rem\">[Titel]<\/p><\/p>\n\n\n\n<p style=\"margin-top:0;margin-bottom:0.25rem\"><p style=\"color:var(--wp--preset--color--primary);margin-top:0;margin-bottom:0.25rem\">[Telefonnummer]<\/p><\/p>\n\n\n\n<p style=\"margin-top:0;margin-bottom:0\"><p style=\"color:var(--wp--preset--color--primary);margin-top:0;margin-bottom:0\"><a href=\"mailto:[epostadress]\" style=\"color:inherit;text-decoration:underline\">[epostadress]<\/a><\/p><\/p>\n<\/div>\n<\/div>\n<\/details>\n<\/div>\n<\/div>\n\n\n\n<div class=\"wp-block-group alignfull sa-partners is-layout-flow wp-block-group-is-layout-flow\" style=\"padding-top:56px;padding-right:40px;padding-bottom:56px;padding-left:40px\">\n<div class=\"wp-block-group sa-partners__inner is-layout-flow wp-block-group-is-layout-flow\">\n<div class=\"wp-block-group sa-partners__section is-layout-flow wp-block-group-is-layout-flow\">\n<h3 class=\"wp-block-heading sa-partners__heading\">Huvudpartners<\/h3>\n\n\n\n<div class=\"wp-block-group sa-partners__grid is-layout-flow wp-block-group-is-layout-flow\">\n\n\n\n\n\n<\/div>\n<\/div>\n\n\n\n<div class=\"wp-block-group sa-partners__section is-layout-flow wp-block-group-is-layout-flow\">\n<h3 class=\"wp-block-heading sa-partners__heading\">Officiella partners<\/h3>\n\n\n\n<div class=\"wp-block-group sa-partners__grid is-layout-flow wp-block-group-is-layout-flow\">\n\n\n\n\n\n<\/div>\n<\/div>\n<\/div>\n<\/div>\n","protected":false},"excerpt":{"rendered":"<p>Vad det betyder att vara partner till {F\u00f6reningsnamn} H\u00e4r kan du skriva om vad det generellt inneb\u00e4r att vara partner&#8230;<\/p>\n","protected":false},"author":0,"featured_media":0,"parent":0,"menu_order":4,"comment_status":"closed","ping_status":"closed","template":"","meta":{"footnotes":""},"class_list":["post-8","page","type-page","status-publish","hentry"],"_links":{"self":[{"href":"https:\/\/flobygrolanda.sportadmin.dev\/index.php\/wp-json\/wp\/v2\/pages\/8","targetHints":{"allow":["GET"]}}],"collection":[{"href":"https:\/\/flobygrolanda.sportadmin.dev\/index.php\/wp-json\/wp\/v2\/pages"}],"about":[{"href":"https:\/\/flobygrolanda.sportadmin.dev\/index.php\/wp-json\/wp\/v2\/types\/page"}],"replies":[{"embeddable":true,"href":"https:\/\/flobygrolanda.sportadmin.dev\/index.php\/wp-json\/wp\/v2\/comments?post=8"}],"version-history":[{"count":1,"href":"https:\/\/flobygrolanda.sportadmin.dev\/index.php\/wp-json\/wp\/v2\/pages\/8\/revisions"}],"predecessor-version":[{"id":22,"href":"https:\/\/flobygrolanda.sportadmin.dev\/index.php\/wp-json\/wp\/v2\/pages\/8\/revisions\/22"}],"wp:attachment":[{"href":"https:\/\/flobygrolanda.sportadmin.dev\/index.php\/wp-json\/wp\/v2\/media?parent=8"}],"curies":[{"name":"wp","href":"https:\/\/api.w.org\/{rel}","templated":true}]}}